f -2*q**3/3 - 21*q**2 - 18*q. Let s be y(-15). What is the highest common divisor of s and 18?
18
Let b = 48 + -54. Let t(z) = -2*z**3 - 14*z**2 - 13*z + 9. Let f be t(b). Calculate the highest common factor of 12 and f.
3
Let z = 23 + -14. Let n be ((-6)/(-4))/((-13)/(-858)). What is the greatest common divisor of n and z?
9
Let t be -1 + -1 + 17 + 0. Let p = 54 - t. Suppose 3*u + 32 + 37 = 5*o, -2*o + 5*u + p = 0. Calculate the greatest common divisor of o and 18.
6
Let c(n) = -7*n + 39. Let q be c(5). Suppose -5*d + q*a + 1410 = 262, 0 = d + a - 235. What is the highest common divisor of d and 29?
29
Let z be -690*1*10/(-30). Calculate the highest common divisor of 138 and z.
46
Let f be ((-4)/(-10))/((-2)/10). Let v be 24/(f + 6 + -3). What is the greatest common divisor of 36 and v?
12
Let a(r) = 6*r + 18. Suppose 5*h + 0*h - 30 = 0. Let k be a(h). What is the greatest common divisor of k and 36?
18
Let q = -1 + -3. Let a be q/16 - 30/8. Let d be 11/44 - 351/a. Calculate the highest common factor of d and 22.
22
Suppose -3*x - y = -292, 4*x - 323 = 2*y + 53. Let l = 31 - 19. Calculate the greatest common divisor of l and x.
12
Let p be ((-62)/6)/(19/57). Let s = 44 + p. Let u(n) = 2*n**2 + 3*n - 1. Let r be u(2). Calculate the highest common factor of s and r.
13
Let b be ((-225)/(-36) - 7)/((-2)/32). Suppose -j + 4*j = -3. Let n be (-16*3/1)/j. What is the greatest common divisor of n and b?
12
Suppose j - n - 171 = 168, 5*n = 5. Calculate the highest common divisor of 20 and j.
20
Let x(r) = 14*r - 7. Let d be (0 + 4)/((-44)/(-55)). Let h be x(d). Calculate the greatest common divisor of 7 and h.
7
Let v(b) = b**3 - 2*b**2 - 2*b. Let r be v(4). Suppose x - 47 = -5*d, 0 = 3*d - 37*x + 38*x - 31. Calculate the greatest common factor of r and d.
8
Suppose 3975 + 2553 = 51*g. Calculate the greatest common factor of g and 24.
8
Suppose 3354 = 37*u - 31*u. Calculate the greatest common factor of 13 and u.
13
Let k be ((-381)/(-6))/((6/(-4))/3). Let b be (12/(-14))/(k/42 - -3). What is the greatest common divisor of b and 90?
18
Let x(r) = -29*r - 55. Let p be x(-3). Calculate the highest common factor of p and 16.
16
Suppose 29 = -2*q + 61. Suppose 3*x + 2*x = -2*i + 24, 0 = -2*i - x + q. What is the greatest common factor of 7 and i?
7
Let i = -32 + 76. Suppose -3 = n - 0. Let k(s) = s**3 + 5*s**2 + 3*s - 5. Let q be k(n). What is the greatest common divisor of q and i?
4
Let a = 618 - 610. Calculate the greatest common factor of a and 82.
2
Suppose 0 = -0*r + 2*r - 30. Let t = 2651 + -2641. Calculate the highest common factor of r and t.
5
Let j(u) = -2*u. Let q be (2 - (-2 - -9)) + 1. Let f be j(q). Let i be 28/20*51 - 18/(-30). Calculate the greatest common factor of f and i.
8
Let r be -2 - (0 + -1) - -26. Let q(a) = -5*a**2 + 2*a - 12. Let t be q(-3). Let i = t - -88. Calculate the greatest common factor of r and i.
25
Let s(q) = -q - q**2 + 2*q + 1 + q**3 + 2*q**2 + 0*q**3. Let g be s(0). Let l be -5 + 24 + -1*g. What is the highest common divisor of 72 and l?
18
Suppose 37 + 11 = 4*u - g, 0 = 5*g + 20. Let t = -46 + 45. Let a be (98 - t)*(-4 + (-52)/(-12)). What is the greatest common factor of a and u?
11
Let a = -65 + 92. Let g(s) = -s**3 + 9*s**2 + 2*s - 9. Let b be g(9). What is the highest common factor of a and b?
9
Let o(q) = 137*q + 7. Let b be o(1). Calculate the greatest common divisor of b and 648.
72
Let c(w) = -28*w - 87. Let n be c(-4). Calculate the highest common divisor of 325 and n.
25
Let b(q) = q + 8. Let c be b(-6). Suppose 4*m - 528 = 4*o, o = c*o - 1. Calculate the highest common factor of 19 and m.
19
Let j(o) = -o**2 + 24*o + 32. Let z be j(0). What is the highest common divisor of 32 and z?
32
Suppose 3*p - 14 = x - 6, -18 = 2*p + 4*x. Let g be -4*10/(-25)*(9 + p). Calculate the greatest common divisor of 4 and g.
4
Suppose -75*h = -56*h - 1938. Calculate the greatest common factor of h and 12.
6
Let z be (14/(-21))/((-2)/36). Suppose 0 = -3*s + o - 60 - 19, 0 = 2*s + 3*o + 60. Let c be (-4)/6 + (-72)/s. Calculate the greatest common divisor of z and c.
2
Let s be (3/4)/(2/40*5). Let b(h) = 57*h + 16. Let g be b(s). Calculate the highest common divisor of g and 17.
17
Let t = -87 - -97. Let h be -1 + (-4 - -7) + 0. Calculate the greatest common divisor of h and t.
2
Suppose h = -y + 4, 4*y - 8 = -2*h - 0*y. Suppose -h*t + 2 = -2, -2*u + 27 = 3*t. Calculate the greatest common factor of u and 36.
12
Let m = -65 + 75. Suppose 3*j = a - 3, 2*a + 5*j - 7 = m*j. Calculate the greatest common divisor of a and 1.
1
Suppose 0 = -5*n - 0*n - 20. Let p be (-1)/(3/24)*n. Calculate the highest common divisor of 8 and p.
8
Suppose 8*x - 2*w + 100 = 13*x, 0 = -3*x - 3*w + 60. Calculate the greatest common factor of x and 220.
20
Let x(j) = j**2 - 19*j - 18. Let m be x(21). Let r be (1 + 1386 + -2)*1. Suppose -329 + r = 4*u. Calculate the highest common factor of u and m.
24
Let c = -316 + 541. Calculate the greatest common factor of 135 and c.
45
Let y be 9*(4 + -7 - -98). What is the greatest common divisor of 114 and y?
57
Let a be (-6)/(-8) - (-9)/4. Let t be (6 - 5)*(2/(-2) + 13). What is the highest common divisor of t and a?
3
Suppose 2*s = 4*g - 78, 0 = -5*s - 17 + 2. Suppose r + 14 = g. Calculate the greatest common factor of 6 and r.
2
Let t be 414/12 + (-3)/2. Let v = 24 - 13. What is the greatest common divisor of v and t?
11
Let r be (-400)/(-68) + -1 + (-4)/(-34). Suppose p = 3*p + k - 132, 5*k = 3*p - 185. Calculate the greatest common divisor of r and p.
5
Let l(i) = -4*i**3 + i**2 - 2*i. Let r be l(-2). Suppose -15 = -6*v + 5*v. Suppose -2*b + v = b. What is the highest common divisor of b and r?
5
Suppose 7 + 23 = -3*o. Let l be (-16)/(-5)*(-5 - o). Let p be 262/2 - 1 - 2. What is the highest common divisor of p and l?
16
Suppose 0 = o + 3*o. Suppose 5*v + 3*m = 8 + 34, o = 2*v + 3*m - 15. Suppose -4*d = -v - 3. Calculate the greatest common divisor of d and 33.
3
Let m be 13 + -13 + 2/1. Suppose -3*y = -d - 0*y + 1, m*y = 3*d + 4. Let w = d + 14. What is the greatest common divisor of 84 and w?
12
Let j(o) = 3*o**2 + o + 7. Let t(v) = -6*v - 7. Let b be t(-2). Let p be j(b). What is the greatest common factor of p and 58?
29
Suppose -n - 8 = -3*p - 3, -4*n - 20 = -5*p. Suppose -s = 3*c - 0*s - 34, p = 5*c + s - 54. Calculate the highest common divisor of 4 and c.
2
Suppose 5*a - 31 = -i, 5*i - 4*a = 2*i + 55. Suppose 3*l + 84 = -9*l. Let n = l + i. What is the greatest common divisor of 14 and n?
14
Let y = -1 + 9. Suppose -5*r - 2*d = 22 - 66, -3*r + 26 = d. Calculate the greatest common divisor of r and y.
8
Suppose -2*o = -40 + 12. Calculate the greatest common factor of o and 7.
7
Suppose -7586 = -18*d - 2276. What is the highest common divisor of d and 118?
59
Let h(z) = -z**3 - 19*z**2 - 63*z + 15. Let j be h(-15). Calculate the greatest common factor of 8 and j.
4
Let a(m) = -m**3 - 7*m**2 + 8*m + 4. Let l be a(-8). Let h be l/(-6)*24/(-2). Let d be (0 - -1)/(h/408). What is the greatest common divisor of d and 34?
17
Let o be 152/36 - 2/9. Suppose 3 = o*k - 73. Let q = 39 - k. Calculate the highest common factor of q and 30.
10
Suppose -5*n + 0 = -30. Let b(t) = t**3 - 10*t**2 + 7*t + 28. Let h be b(9). What is the greatest common factor of n and h?
2
Suppose 0 = 3*n + n - 48. Suppose -33 = -4*h - 1. What is the highest common divisor of h and n?
4
Suppose 0 = 2*c - 4*u + 74, -5*c - 6*u - 230 = -u. Let y = 83 + c. What is the greatest common divisor of y and 8?
8
Let g be (-150)/(-12)*(-144)/(-20). Let y(b) = b + 6. Let x be y(-6). Suppose -r = -x*r - 18. Calculate the greatest common factor of r and g.
18
Let u(l) be the third derivative of l**4/8 + 7*l**3/3 + 28*l**2. Let d be u(12). What is the highest common divisor of d and 125?
25
Suppose -f = f + 2*i + 38, -3*f = 2*i + 52. Let n = 28 + f. What is the highest common factor of n and 126?
14
Let g be 4 + (4 - 10/1). Let c be (175/g)/(1/(-2)). Calculate the highest common divisor of 70 and c.
35
Let z be ((18/(-4))/(-3))/((-4)/40). Let f = z - -19. Calculate the highest common factor of 24 and f.
4
Suppose 311 = 16*t + 167. What is the highest common factor of t and 2637?
9
Suppose 0 = -101*l + 13*l + 7480. Calculate the greatest common di